ber?
False
Is 322714533 a prime number?
False
Is 178179991 prime?
False
Is 1967031289 composite?
False
Is 33260555974 a composite number?
True
Is 1132874845 a prime number?
False
Is 23256578427 prime?
False
Is 3594804779 a composite number?
False
Is 40674382799 a composite number?
True
Is 131815842563 a composite number?
True
Is 3567592109 a composite number?
True
Is 43997661139 composite?
False
Is 9772357481 composite?
False
Is 195034821295 a prime number?
False
Is 2884360459 a composite number?
False
Is 143479571 a prime number?
False
Is 5372560537 prime?
False
Is 11956643009 prime?
True
Is 135580009777 a prime number?
False
Is 113558 composite?
True
Is 91857966929 composite?
True
Is 11595574623 a prime number?
False
Is 2316141862 a prime number?
False
Is 15145742929 composite?
False
Is 60185054621 a composite number?
False
Is 519772687 a prime number?
False
Is 1973569537 a prime number?
False
Is 1841094719 prime?
True
Is 10219595429 a prime number?
True
Is 3781103299 composite?
False
Is 155077831 a composite number?
False
Is 17706282029 composite?
True
Is 274066607 prime?
True
Is 686064053 a prime number?
False
Is 462758953 prime?
False
Is 36570486551 composite?
False
Is 554888459 a composite number?
False
Is 4851360433 a composite number?
False
Is 2088318361 composite?
False
Is 7206590521 prime?
False
Is 947178343 prime?
True
Is 86485983851 composite?
True
Is 6001481303 prime?
False
Is 16651095449 prime?
True
Is 1001568391 a prime number?
True
Is 542903963731 a prime number?
False
Is 256523363 a composite number?
True
Is 2845426621 composite?
False
Is 32798845559 prime?
False
Is 128248807 prime?
True
Is 119144516213 a prime number?
False
Is 6267358991 composite?
True
Is 13912447503 a composite number?
True
Is 87417821 prime?
True
Is 3877795333 a composite number?
False
Is 6122304827 prime?
False
Is 4196010289 a prime number?
False
Is 220977257 a prime number?
True
Is 21189041 a composite number?
False
Is 254057449 a prime number?
True
Is 9086843719 composite?
False
Is 12532991687 a prime number?
True
Is 71027590241 a prime number?
False
Is 1178770781 prime?
True
Is 70608329 a composite number?
True
Is 211388153 a prime number?
True
Is 21631489823 a prime number?
False
Is 129913037 a composite number?
False
Is 5606859667 a composite number?
False
Is 17547809639 composite?
False
Is 82756709881 composite?
False
Is 5049059017 a composite number?
True
Is 19693898717 a prime number?
True
Is 50765524517 a prime number?
True
Is 10546194487 composite?
False
Is 4904840273 prime?
False
Is 292671923 a prime number?
False
Is 810058957 composite?
False
Is 106357658239 a composite number?
True
Is 4479142963 prime?
True
Is 7113128257 a prime number?
True
Is 394182277 composite?
False
Is 237316459 a composite number?
False
Is 1543528021 a composite number?
True
Is 948741821 a composite number?
False
Is 315202507 prime?
True
Is 18892985467 prime?
True
Is 15799344409 composite?
True
Is 28193833461 a composite number?
True
Is 42722077631 a prime number?
False
Is 31304171 a composite number?
True
Is 10429372397 prime?
False
Is 1545222907 composite?
True
Is 2025950089 a prime number?
True
Is 12710784577 a prime number?
False
Is 729691503 a prime number?
False
Is 216163433441 a prime number?
True
Is 198313877 composite?
False
Is 28804943 prime?
False
Is 1332788203 a composite number?
False
Is 3119674589 composite?
False
Is 1060067917 composite?
False
Is 97318499 prime?
False
Is 20020887563 composite?
False
Is 10702401163 composite?
False
Is 142032653 prime?
False
Is 5654612987 a composite number?
False
Is 26667463027 composite?
False
Is 8275505419 prime?
False
Is 186344287 a composite number?
False
Is 252118453 composite?
True
Is 2022740799 composite?
True
Is 50587331539 a prime number?
True
Is 40094487557 a composite number?
False
Is 1325454583 a prime number?
False
Is 753619313 a prime number?
False
Is 1199980295 a composite number?
True
Is 10905495647 prime?
True
Is 35230524823 a composite number?
True
Is 60413246863 prime?
False
Is 218336759 a prime number?
False
Is 18831983579 a composite number?
True
Is 10464856799 a prime number?
False
Is 1080538001 a composite number?
False
Is 27051307 prime?
False
Is 1009555945 a prime number?
False
Is 14275386253 prime?
True
Is 239929 composite?
False
Is 28593485311 prime?
True
Is 2500786579 prime?
False
Is 778681259 prime?
True
Is 72579245797 prime?
False
Is 59593426303 a composite number?
False
Is 80659532917 prime?
False
Is 183057547 prime?
False
Is 1317441409 prime?
False
Is 2068049017 a composite number?
False
Is 1793143021 composite?
False
Is 4653583843 prime?
True
Is 70395635 a prime number?
False
Is 7167187 a composite number?
False
Is 5490569731 prime?
False
Is 1346048333 a prime number?
False
Is 34413870671 prime?
False
Is 698952797 a composite number?
False
Is 385914013 a composite number?
False
Is 590519429 composite?
True
Is 14631267383 a prime number?
False
Is 82104573503 a composite number?
False
Is 320571270851 a composite number?
True
Is 2398757203 a composite number?
True
Is 662652973 composite?
True
Is 262111970363 a prime number?
True
Is 728157857 a prime number?
False
Is 9919940111 prime?
True
Is 32508772417 a prime number?
False
Is 1593913163 prime?
True
Is 4743668521 prime?
True
Is 24662670371 prime?
True
Is 574244183 a prime number?
True
Is 1302796949 a prime number?
True
Is 48555424249 prime?
True
Is 189340003513 a composite number?
True
Is 39333633349 a composite number?
True
Is 4664894873 prime?
False
Is 11431007243 a composite number?
False
Is 444539669 prime?
False
Is 541100533 a prime number?
True
Is 72406031647 a composite number?
False
Is 314132417 composite?
False
Is 31536574469 a prime number?
False
Is 62854921 prime?
True
Is 12495784879 composite?
False
Is 12828652481 a prime number?
False
Is 3575349023 prime?
False
Is 5277189017 prime?
True
Is 26458884343 a prime number?
True
Is 16100875249 a prime number?
True
Is 35940803 a prime number?
False
Is 46170799 composite?
True
Is 2167688893 composite?
False
Is 419741381 composite?
False
Is 6669529151 composite?
False
Is 5776245089 composite?
False
Is 7813360879 prime?
True
Is 48560033645 composite?
True
Is 19043542523 composite?
True
Is 166892729 a composite number?
False
Is 5578696049 a composite number?
False
Is 1393198663 prime?
True
Is 50196444577 a composite number?
False
Is 12743897963 composite?
False
Is 1289491663 prime?
False
Is 4993770401 prime?
True
Is 1418425247 prime?
False
Is 3649108121 a composite number?
False
Is 7343069009 prime?
False
Is 72249305897 prime?
True
Is 6765285511 a prime number?
True
Is 196323289 a prime number?
False
Is 398738499 prime?
False
Is 17164880891 composite?
False
Is 3303597421 a prime number?
False
Is 52373315207 a prime number?
True
Is 110082442 composite?
True
Is 22737259003 a prime number?
False
Is 10681278943 composite?
False
Is 2750863601 composite?
True
Is 1108550791 prime?
False
Is 21535934641 a prime number?
False
Is 52092992687 a prime number?
False
Is 8458414399 a composite number?
True
Is 1906029899 a prime number?
False
Is 142391803 prime?
True
Is 474617287 a prime number?
True
Is 143340459289 a prime number?
True
Is 6675791939 a composite number?
False
Is 156943691 a composite number?
True
Is 1152727117 a composite number?
False
Is 63950493 a prime number?
False
Is 15975060793 prime?
False
Is 171339226859 composite?
False
Is 99015743591 composite?
False
Is 600852593 prime?
False
Is 927633881 a prime number?
False
Is 171447402459 a prime number?
False
Is 118975909 a composite number?
True
Is 220513382171 composite?
True
Is 5335504861 prime?
True
Is 203187983 prime?
True
Is 1143363941 a composite number?
False
Is 128019979 a prime number?
False
Is 49239537643 a prime number?
True
Is 5773727747 composite?
True
Is 7558912371 prime?
False
Is 12237023399 prime?
True
Is 128572678753 a composite number?
False
Is 8835006489 composite?
True
Is 1250122477 a prime number?
False
Is 4433664691 prime?
False
Is 8355444127 a prime number?
False
Is 42216198845 composite?
True
Is 12745428997 a prime number?
False
Is 2322443507 prime?
True
Is 2873854911 a prime number?
False
Is 910047083 a composite number?
True
Is 9485032829 a prime number?
True
Is 15718736909 a composite number?
False
Is 111630020